What is the remainder when 112868 is divided by 24?
20
Calculate the remainder when 83444 is divided by 843.
830
What is the remainder when 1363498 is divided by 674?
670
Calculate the remainder when 216130 is divided by 72020.
70
Calculate the remainder when 5883 is divided by 56.
3
What is the remainder when 160 is divided by 46?
22
Calculate the remainder when 62582 is divided by 652.
642
What is the remainder when 1200 is divided by 432?
336
What is the remainder when 17593 is divided by 1939?
142
Calculate the remainder when 978922 is divided by 347.
35
What is the remainder when 42404 is divided by 1112?
148
Calculate the remainder when 44077 is divided by 14675.
52
What is the remainder when 201511 is divided by 25?
11
Calculate the remainder when 2951 is divided by 34.
27
What is the remainder when 31007 is divided by 7750?
7
What is the remainder when 5853 is divided by 54?
21
Calculate the remainder when 6956 is divided by 1193.
991
Calculate the remainder when 331269 is divided by 337.
335
Calculate the remainder when 3443 is divided by 933.
644
Calculate the remainder when 53400 is divided by 204.
156
What is the remainder when 11926 is divided by 3784?
574
Calculate the remainder when 28024 is divided by 59.
58
Calculate the remainder when 146359 is divided by 8.
7
What is the remainder when 47452 is divided by 1233?
598
Calculate the remainder when 227 is divided by 15.
2
Calculate the remainder when 1498 is divided by 499.
1
Calculate the remainder when 7989 is divided by 726.
3
What is the remainder when 2324 is divided by 75?
74
What is the remainder when 258656 is divided by 19892?
60
Calculate the remainder when 2553 is divided by 170.
3
What is the remainder when 3119 is divided by 1788?
1331
Calculate the remainder when 4753 is divided by 281.
257
What is the remainder when 566 is divided by 280?
6
Calculate the remainder when 429 is divided by 398.
31
What is the remainder when 64946 is divided by 9271?
49
Calculate the remainder when 43279 is divided by 72.
7
Calculate the remainder when 27296 is divided by 13643.
10
Calculate the remainder when 169839 is divided by 86.
75
What is the remainder when 1055463 is divided by 176?
167
What is the remainder when 4671 is divided by 353?
82
Calculate the remainder when 1040 is divided by 233.
108
What is the remainder when 105234 is divided by 35?
24
What is the remainder when 30702 is divided by 62?
12
What is the remainder when 6743 is divided by 1109?
89
What is the remainder when 8581 is divided by 2361?
1498
Calculate the remainder when 544752 is divided by 4696.
16
Calculate the remainder when 12988 is divided by 183.
178
What is the remainder when 5152 is divided by 1993?
1166
Calculate the remainder when 111820 is divided by 148.
80
Calculate the remainder when 123022 is divided by 466.
464
What is the remainder when 8345 is divided by 1773?
1253
What is the remainder when 7956 is divided by 42?
18
What is the remainder when 865979 is divided by 849?
848
Calculate the remainder when 287507 is divided by 194.
193
What is the remainder when 781430 is divided by 139?
111
What is the remainder when 1394931 is divided by 4?
3
What is the remainder when 21630 is divided by 21621?
9
Calculate the remainder when 1393 is divided by 856.
537
What is the remainder when 210900 is divided by 105444?
12
Calculate the remainder when 1734 is divided by 854.
26
Calculate the remainder when 615885 is divided by 16.
13
What is the remainder when 14142 is divided by 272?
270
Calculate the remainder when 13172 is divided by 12.
8
Calculate the remainder when 5214 is divided by 2029.
1156
What is the remainder when 317543 is divided by 42?
23
Calculate the remainder when 4110 is divided by 1689.
732
Calculate the remainder when 40973 is divided by 13421.
710
Calculate the remainder when 32347 is divided by 5390.
7
What is the remainder when 292032 is divided by 649?
631
What is the remainder when 64720 is divided by 9245?
5
Calculate the remainder when 1916 is divided by 388.
364
Calculate the remainder when 48680 is divided by 123.
95
Calculate the remainder when 5235 is divided by 4598.
637
Calculate the remainder when 91976 is divided by 44.
16
Calculate the remainder when 4232 is divided by 1119.
875
What is the remainder when 822 is divided by 210?
192
Calculate the remainder when 49033 is divided by 15.
13
What is the remainder when 94831 is divided by 1042?
9
Calculate the remainder when 30906 is divided by 10302.
0
What is the remainder when 47422 is divided by 398?
60
Calculate the remainder when 52772 is divided by 840.
692
Calculate the remainder when 6429 is divided by 209.
159
Calculate the remainder when 22702 is divided by 398.
16
Calculate the remainder when 33542 is divided by 16766.
10
Calculate the remainder when 10792 is divided by 680.
592
Calculate the remainder when 7582 is divided by 111.
34
Calculate the remainder when 2452 is divided by 430.
302
What is the remainder when 36084 is divided by 347?
343
What is the remainder when 3436 is divided by 1703?
30
Calculate the remainder when 12934 is divided by 21.
19
What is the remainder when 81297 is divided by 100?
97
What is the remainder when 26181 is divided by 194?
185
Calculate the remainder when 55394 is divided by 486.
476
What is the remainder when 158125 is divided by 48?
13
What is the remainder when 42202 is divided by 18?
10
Calculate the remainder when 10115 is divided by 121.
72
Calculate the remainder when 528314 is divided by 1964.
1962
Calculate the remainder when 65828 is divided by 65825.
3
What is the remainder when 36968 is divided by 5278?
22
What is the remainder when 56691 is divided by 603?
9
Calculate the remainder when 2081 is divided by 558.
407
Calculate the remainder when 1183 is divided by 372.
67
What is the remainder when 5370691 is divided by 12?
7
What is the remainder when 18436 is divided by 129?
118
What is the remainder when 546678 is divided by 447?
444
Calculate the remainder when 73613 is divided by 48.
29
Calculate the remainder when 4888 is divided by 176.
136
Calculate the remainder when 44747 is divided by 91.
66
Calculate the remainder when 4304 is divided by 309.
287
Calculate the remainder when 23147 is divided by 162.
143
Calculate the remainder when 16539 is divided by 126.
33
What is the remainder when 28780 is divided by 7185?
40
What is the remainder when 9070 is divided by 36?
34
What is the remainder when 10151 is divided by 10151?
0
What is the remainder when 1079 is divided by 1066?
13
What is the remainder when 62687 is divided by 139?
137
Calculate the remainder when 109655 is divided by 352.
183
Calculate the remainder when 33146 is divided by 25.
21
What is the remainder when 172128 is divided by 317?
314
Calculate the remainder when 4316 is divided by 1434.
14
What is the remainder when 13765 is divided by 314?
263
What is the remainder when 62699 is divided by 196?
175
What is the remainder when 25586 is divided by 12786?
14
Calculate the remainder when 83378 is divided by 1389.
38
Calculate the remainder when 23445 is divided by 720.
405
Calculate the remainder when 4993 is divided by 85.
63
Calculate the remainder when 8126 is divided by 810.
26
What is the remainder when 5294 is divided by 30?
14
What is the remainder when 3592592 is divided by 153?
152
What is the remainder when 669739 is divided by 257?
254
Calculate the remainder when 59043 is divided by 22.
17
Calculate the remainder when 11614 is divided by 399.
43
What is the remainder when 1004 is divided by 165?
14
Calculate the remainder when 20724 is divided by 49.
46
What is the remainder when 209799 is divided by 50?
49
Calculate the remainder when 211858 is divided by 90.
88
Calculate the remainder when 1893826 is divided by 89.
84
Calculate the remainder when 90739 is divided by 349.
348
What is the remainder when 26303 is divided by 79?
75
Calculate the remainder when 20250 is divided by 28.
6
Calculate the remainder when 172753 is divided by 250.
3
Calculate the remainder when 93324 is divided by 791.
777
What is the remainder when 17303 is divided by 56?
55
Calculate the remainder when 54554 is divided by 925.
904
What is the remainder when 5357972 is divided by 175?
172
Calculate the